- j = 5. Suppose h*t = 2*t - 78. Let m = 1959 + -1949. Calculate the remainder when t is divided by m.
9
Let z be ((-2)/(-6))/(1/18). Suppose -z = -4*n + 14, -5*v + 295 = -4*n. Suppose -5*h + v = x - 41, -5*x - 5 = 0. Calculate the remainder when h is divided by 8.
5
What is the remainder when 8/(-60) + (-57323)/(-285) is divided by 41?
37
Let q be (-9)/(-6)*(-3)/((-27)/(-6)). What is the remainder when (-3)/(-2 - 1) - q is divided by 2?
0
Let q(h) = -3*h**2 + 19*h + 24. Let m be q(7). Suppose -3*a = a - 200. Let r = a + m. Calculate the remainder when r is divided by 21.
18
Let b(o) = -18*o - 1. Let w = 3 - 1. Suppose 3*k + 5 = -w*k. Calculate the remainder when 66 is divided by b(k).
15
Suppose -4*f - 103 = 4*q - 415, 3*f - 3*q - 258 = 0. What is the remainder when 278 is divided by f?
32
Suppose 5*p = 33*p - 1176. Calculate the remainder when 179 is divided by p.
11
Let m = -101 - -176. Suppose 16*j + 2*j - 702 = 0. What is the remainder when m is divided by j?
36
Let i = 52 - -55. What is the remainder when i is divided by 10?
7
What is the remainder when (-6 - (-3 + 1)) + 8352/29 is divided by 76?
56
Let v(h) = 57*h**3 + 2*h - 1. Let w be v(1). Let r = w + -53. Suppose -4*u + 31 = -n, -3*u + 12 = -n - 11. What is the remainder when u is divided by r?
3
Suppose z - 5*z - 13 = 3*q, -q + 2 = -5*z. Let y(n) = -75*n. Calculate the remainder when y(z) is divided by 19*-5*(-9)/45.
18
Let y(j) = -j**2 - 32*j + 40. What is the remainder when (69/(-15) + 2)*-5 is divided by y(-33)?
6
Calculate the remainder when (-4 + 1 - 1) + 414 + 2 is divided by 83.
80
Suppose 13*p - 15*p = -140. Calculate the remainder when 347 is divided by p.
67
Let b be ((-16)/(-6))/((-2)/(-9)). What is the remainder when -274*(-2)/b*3 is divided by 35?
32
Let n = 439 + -414. Calculate the remainder when 622 is divided by n.
22
Let d = 105 - 68. What is the remainder when 141 is divided by d?
30
Let s = -72 + 65. Let g(u) = 2*u + 18. Calculate the remainder when g(s) is divided by 4.
0
Let g = 95 + -23. What is the remainder when g is divided by 19?
15
Let m = 56 - 102. Let x = m + 65. Calculate the remainder when 93 is divided by x.
17
Calculate the remainder when 93 is divided by 38*((-21)/3 - -8).
17
Suppose 2*o + 2 = 0, 4*n - 11 - 18 = o. Suppose 2*y + 16 = 4. Calculate the remainder when y/(-10) + 127/5 is divided by n.
5
Let z(q) = 4*q - 5. Let f be z(2). Suppose 4*p + 9 = u + 3, 0 = -f*u + 3*p + 45. What is the remainder when 50 is divided by u?
14
What is the remainder when (-7 - 785/(-15))*3 is divided by 20?
16
Suppose 2*l = 5*d - 11, -d = -0*d + 1. Let o(u) = u + 11. Calculate the remainder when ((-32)/10)/((-44)/110) - -2 is divided by o(l).
1
Let i(x) = 9*x**2 + 159. Let v(j) = -4*j**2 - 80. Let o(l) = -3*i(l) - 7*v(l). What is the remainder when o(0) is divided by 43?
40
Let k = -21 - -58. Suppose 35 = -i - 4*b, 2*i + 7*b + 54 = 3*b. Let p = -6 - i. Calculate the remainder when k is divided by p.
11
Suppose 0 = -5*h + 3*b - 3, 3*h = -6*b + 3*b + 3. Let y be h + 1/((-2)/18). Calculate the remainder when 44 + y/3 + 3 is divided by 23.
21
Let o be -1 - ((1 - -1) + -35). Suppose 0 = -n, 0 = -2*a + 5*n - 2*n + o. Suppose -3*u - 186 = -9*u. What is the remainder when u is divided by a?
15
Let i be 408/10 - (-6)/30. Let o = i - 28. Let f(q) = q**2 - 4*q + 3. What is the remainder when f(7) is divided by o?
11
Suppose h - 76 = -3*h. Suppose -2*q - h = -q. Let o = 72 + q. Calculate the remainder when o is divided by 14.
11
Let r(s) = s**3 - 8*s**2 - 18*s - 8. Calculate the remainder when r(11) is divided by 71.
15
Let b = -103 - -166. Suppose 25*k = 278 + 47. Calculate the remainder when b is divided by k.
11
Let h = 29 + 7. Let d = 44 - h. Calculate the remainder when 78 is divided by d.
6
Suppose 2*b - 4 - 89 = -5*a, 3*a = -b + 45. What is the remainder when 102 is divided by b?
48
Suppose -2*i + 5*p = -114, -4*i + 36 = -5*p - 182. What is the remainder when 180 is divided by i?
24
Let y be (6/1 + 0)/2. Suppose y*j + 16 = 7*j. Suppose -5*d - j*u + 24 = 0, -4*d - u = d - 36. Calculate the remainder when 15 is divided by d.
7
Suppose -12 = 3*y, y - 6*y + 169 = 3*h. Let z be (-460)/30*9/(-2). Suppose -z + 17 = -4*p. Calculate the remainder when h is divided by p.
11
Suppose 4*w - 7 = -4*m + 29, 0 = -4*w - 16. What is the remainder when m is divided by ((-20)/(-3))/((-2)/(-18)*6)?
3
Let s(r) = 13*r**3 - 4*r**2 + 3*r - 4. Calculate the remainder when 805 is divided by s(2).
85
Let s(h) = -9*h - 13. Let x be s(10). Let i = x + 118. What is the remainder when 26 is divided by i?
11
Let n(y) = 2*y**2 - 2. Let r be n(-3). Suppose 7*j = 3*j + r. Suppose -18 = -2*s - j*d, 3*d = -2*s - 12 + 29. What is the remainder when 19 is divided by s?
5
Let b = 20 + -20. Suppose -4*s - 4*g + 52 = b, -43 = -5*s + g + 22. What is the remainder when 22 is divided by s?
9
Let l = 966 + -884. What is the remainder when l is divided by 46?
36
Suppose -t + 3*t = 36. Let k = 21 + 11. Calculate the remainder when k is divided by t.
14
Suppose p - 105 = -4*p. Suppose -52*l = -1024 - 1056. Calculate the remainder when l is divided by p.
19
Suppose 3*p = -3*f + 75, 0*p = -4*f - 3*p + 101. Calculate the remainder when 154 is divided by f.
24
Let j(x) = -3*x**2 + 29*x + 13. Let t be j(10). Suppose t*s + 2*s + 108 = 3*b, -3*s = -2*b + 73. What is the remainder when b is divided by 6?
5
Suppose 0*q = 3*q - 12. Let p(t) = -t**2 - 7*t + 15. Let z be p(-9). What is the remainder when (-13*(-2)/z)/((-8)/12) is divided by q?
1
Let l = -2509 + 2591. Calculate the remainder when 655 is divided by l.
81
Let t = 738 + -706. Suppose 4*z - r = 49, -r - r = -4*z + 46. What is the remainder when t is divided by z?
6
Let z = 123 + -65. What is the remainder when 395 is divided by z?
47
Suppose -780 = -33*n + 20*n. What is the remainder when n is divided by 19?
3
Suppose z = -5*k + 13, 2*k + 1 = k. Suppose -s - 5*u - 7 = -29, 4*s - 5*u + 12 = 0. Calculate the remainder when (1 + 0)/(s/142) is divided by z.
17
Let m = -556 + 574. Calculate the remainder when 159 is divided by m.
15
Suppose 224 = 3*u - 4*a, -5*u = 15*a - 19*a - 384. What is the remainder when 234 is divided by u?
74
Suppose 0 = 3*u + 2*f - 18 - 67, 0 = -3*u + 2*f + 77. Suppose -4*y + 128 = 4*v, -3*y = -2*v + u + 22. What is the remainder when v is divided by 8?
5
Let p = -378 - -419. Calculate the remainder when 190 is divided by p.
26
Suppose -20 = -16*x + 11*x. Suppose x*r = 3*k - r - 65, 3*k - 3*r = 57. What is the remainder when 21 is divided by k?
6
Let f = -155 - -185. What is the remainder when 58 is divided by f?
28
Suppose 0 = -2*d + 10. Let b(w) = w**3 - 4*w**2 - 6*w + 3. Let j be b(d). What is the remainder when 1 is divided by (5/10)/(j/(-4))?
0
Let a(f) = -2*f + 21. Let g be a(8). Suppose g*z + 155 = 470. Suppose i + 66 = 4*i. What is the remainder when z is divided by i?
19
Suppose z - 4 = 0, 4*z - 140 = -3*o - z. What is the remainder when 159 is divided by o?
39
Let m(s) = 26*s**3 - 1. Let r(z) = -42*z - 47. Let q be r(-7). Suppose -q*x = -243*x - 60. What is the remainder when m(1) is divided by x?
10
Suppose 17 = 5*y - 2*z, -12 + 0 = -5*y - 3*z. Suppose y - 13 = 5*n. Calculate the remainder when (-54)/(-6) + (-1 - n) is divided by 6.
4
Suppose i - p - 154 = 0, -2*p + 3 = 7. Let h(j) = -2*j + 4. Let d be h(8). What is the remainder when 49 is divided by (-2)/(-6) - i/d?
10
Let z(w) be the first derivative of w**4/4 + 10*w**3/3 + 11*w**2/2 + 7*w + 14. Let n be 2/4*(-16 + 0). What is the remainder when z(n) is divided by 24?
23
Let z be (115/20)/(-2 - 34/(-16)). Let v = 65 - z. What is the remainder when 37 is divided by v?
18
Let b be (-1 + 1)/(15 + -13). Suppose 0 = h - 2, 359 = 5*t - b*t + 2*h. Calculate the remainder when t is divided by 25.
21
Let k be (-3)/((-1)/6*-2). Let r(g) = -9*g - 10. Let y(u) = -8*u - 11. Let v(a) = -2*r(a) + 3*y(a). What is the remainder when v(k) is divided by 6?
5
What is the remainder when 85 is divided by (-498)/(-16) - (-44)/(-352)?
23
Let q be (-48)/(-27) - 6/(-27). Suppose 8*d - 78 = 5*d. Calculate the remainder when d is divided by 2/q + -2 - -16.
11
Suppose -5*b = -4*l - 81 + 322, -4*l + 3*b + 231 = 0. Let n be (2/(-4))/((-1)/l). What is the remainder when 59 is divided by 37/3 - 9/n?
11
Let n(u) 